e remainder when 110 is divided by v.
54
Let b(l) = 2*l**2 - 3*l - 4. Let q be b(3). Suppose -q*a + 0 = -60. Calculate the remainder when (-2 + 3 + 176)/3 is divided by a.
11
Let t(i) = i**3 - 6*i**2 + i + 4. Let a = -109 + 117. Suppose a*m = 6 + 298. What is the remainder when m is divided by t(6)?
8
Let l = -942 + 959. Calculate the remainder when 1036 is divided by l.
16
Suppose c = 4*y - 3*c - 16, -2*y + 5*c = -8. Suppose 0 = y*o + 4 + 8. What is the remainder when -3 + 5 + o + 4 is divided by 3?
0
Let g = -130 - -250. Calculate the remainder when g is divided by (-92)/(-3) - 2/(-6).
27
Calculate the remainder when 93 is divided by 55/3 + (-34)/(-51).
17
Suppose d - 23 = 2*p + 3*p, -2*d = 5*p - 76. What is the remainder when d is divided by 11?
0
Let t(v) = v**2 + 2*v. Let w be t(6). Suppose 4*g - 36 = 4*f - 6*f, -4*g + w = -f. Suppose g = 4*a - 61. Calculate the remainder when 52 is divided by a.
16
Let t(y) be the third derivative of 1/24*y**4 + 0*y + 11/60*y**5 - 2*y**2 + 0*y**3 + 0. What is the remainder when t(2) is divided by 16?
14
Let a(d) = d**3 - 5*d**2 - 9*d. Calculate the remainder when 1714 is divided by a(7).
34
Let k = -2570 + 2811. What is the remainder when k is divided by 27?
25
Let o = 226 - 202. Calculate the remainder when o is divided by 13.
11
Suppose 15 = c + 3*f, 3*c + 3*f = -23 + 80. Let m = c - 17. Calculate the remainder when 6 is divided by m.
2
Let f = -97 + 178. Let h(y) = 4*y**2 - 5*y + 15. What is the remainder when f is divided by h(2)?
18
Let q(b) = -13 + 3*b - 8*b + 9*b**2 + 2*b + b**3. What is the remainder when 67 is divided by q(-9)?
11
Let k be (-66)/110 + 28/5. Suppose 2*m + 114 = -c + k*c, -4*m = -c + 18. What is the remainder when c is divided by 8?
6
Suppose 3*r - 3*c - 6 = 0, 2*r - c = 7*r - 22. Suppose -65 = -r*s - s. Calculate the remainder when 25 is divided by s.
12
Let g(i) = 2*i**3 - 11*i**2 - 2*i + 9. Calculate the remainder when g(6) is divided by 5.
3
Suppose -5*k - 5 = 0, k = -x + 2*k + 26. Let l be -4 - ((-27)/(-6))/(9/(-12)). What is the remainder when x is divided by (-21*l/3 + 1)/(-1)?
12
What is the remainder when 90 is divided by (-15 - 2)/(-1) - (-54 + 59)?
6
Let y be (-3)/2 - (-9)/2. Suppose -y*a + 7*a = -4. Calculate the remainder when 74 is divided by -2 - -34*a/(-2).
14
Suppose 2*d - 26 = -3*j, -3*j - 2 = -d + j. Calculate the remainder when 229 is divided by d.
9
Suppose -4*j + 473 = 25*o - 30*o, -5*o + 311 = 3*j. What is the remainder when j is divided by 19?
17
Suppose -242 + 1762 = 20*x. Calculate the remainder when 365 is divided by x.
61
Let v(q) = q**3 + 2*q**2 - 50*q + 180. Calculate the remainder when 214 is divided by v(4).
62
Suppose x - 97 = 3*a - 3*x, -5*x + 20 = 0. Let z = -23 - a. What is the remainder when 10 is divided by z?
2
Let b(m) = -3*m**2 - 6*m - 3. Let r(o) = o**2 - o - 1. Let f(d) = -b(d) + 4*r(d). Calculate the remainder when 27 is divided by f(1).
3
What is the remainder when 127 is divided by 805/28 + (2 - 7/4)?
11
Suppose -2*s = -3*m + 315, -3*m = -2*m + 5*s - 105. What is the remainder when 81 is divided by ((-24)/(-10))/(6/m)?
39
Suppose -3414 = -104*p + 21858. What is the remainder when p is divided by 35?
33
Suppose -m = 4*m - 190. Suppose -m - 37 = -o. What is the remainder when 27 is divided by (6/(-5))/((-15)/o)?
3
Suppose 0 = -2*f - 0*t - t + 19, -4*f + t = -29. Let c(a) = -2*a**2 - 21*a - 18. What is the remainder when c(-6) is divided by f?
4
Let b = 359 + -256. Calculate the remainder when 306 is divided by b.
100
Suppose 4*r = -39 - 37. Let z = 160 + -159. Calculate the remainder when 47 is divided by (5 - r)/(z/1).
23
Suppose l - n = 71, -274 = -3*l - n - 57. Calculate the remainder when l is divided by 7.
2
Suppose 9 = 2*w + w. Suppose -w*f = 20 - 119. Suppose -f + 2 = -n. Calculate the remainder when n is divided by 8.
7
Suppose c = -2*c - 4*r - 2, 6 = 5*c + 2*r. Calculate the remainder when 434/7 + (c - 3) is divided by 21.
19
Let s be 8/(-12) - 372/9. Let t = s + 74. Calculate the remainder when t is divided by 18.
14
Let y(u) = -u**2 - 4*u + 219. Let m(k) = -k**3 - 6*k**2 + 17*k + 8. Let s be m(-8). What is the remainder when y(s) is divided by 55?
54
Suppose 2*n + 4*d + 53 = -27, 5*n + 189 = d. Let c = n - -27. Let s = c - -15. What is the remainder when 15 is divided by s?
3
Let w(d) = d**3 - 20*d**2 - 91*d + 74. What is the remainder when w(24) is divided by 59?
17
Suppose -4*l + 2*l = 8. Let q be (l - (-1 - 2)) + 56. Let s = q + -39. What is the remainder when 29 is divided by s?
13
Suppose 0 = -5*u + 4*y - 8*y + 655, -3*u = 5*y - 380. What is the remainder when u is divided by 47?
41
Let l be (156/(-42) - -4) + 24/14. Suppose -3*p + 38 = 4*q, -4*p - l*q + 78 = 14. Calculate the remainder when p is divided by 11.
7
Let r = -115 + 155. Calculate the remainder when 398 is divided by r.
38
Calculate the remainder when 117 is divided by (-6 - 318/(-14)) + (-6)/(-21).
15
Let q = -4 - 6. Let x = q - -15. Suppose -3*j = 2*j - 60. Calculate the remainder when j is divided by x.
2
Calculate the remainder when (-3 + 2)*5/10*-146 is divided by 40.
33
Let f(x) = 5*x + 20. Let u be f(-7). Let z = u - -10. Let n(a) = a**2 - 14. What is the remainder when 42 is divided by n(z)?
9
Suppose 15 = 2*y + 3*y. Calculate the remainder when (((-102)/(-21))/(3/42))/4 is divided by y.
2
Calculate the remainder when (1/1)/((-1)/(-26)) is divided by 160/280 + 45/7.
5
Let a = -6 - 2. Let q be 48/(-27) - a/(-36). Calculate the remainder when 17 is divided by (-2)/q*9/1.
8
Suppose 0 = -43*c - 8*c + 8262. Calculate the remainder when c is divided by 41.
39
Let t = 39 - 34. Calculate the remainder when 19 is divided by t/75*5*21.
5
Suppose k + 26 = -3*m, -5*m = -k - 9 - 9. Let y = k - -52. Suppose y = 11*g - 10*g. What is the remainder when 85 is divided by g?
27
Let l = -2008 - -2073. What is the remainder when l is divided by 20?
5
Let o = 5 - -4. Suppose q = -5*t + 28, 0*q = -q + 3. What is the remainder when o is divided by t?
4
Let k(i) = -i**3 + 7*i**2 - 5*i - 20. Calculate the remainder when 139 is divided by k(5).
4
Let o = -353 + 405. Calculate the remainder when o is divided by 15.
7
Let p(l) be the second derivative of -l**3/3 + 7*l**2/2 - 11*l. What is the remainder when 38 is divided by p(-3)?
12
Let q = 591 - 580. What is the remainder when q is divided by 8?
3
Suppose 3*l + 541 = 5*q, 2*l = 3*q - 115 - 210. Calculate the remainder when q is divided by 22.
19
Let c be 1 + 7/4 + (-1)/(-4). Suppose -2*w = -c*w + 11. What is the remainder when 26 is divided by w?
4
Let t(h) = 4 - h**2 + 14*h**2 - 3. Let p = 39 + -40. What is the remainder when t(p) is divided by 6?
2
Let o = -103 + 107. What is the remainder when 7/(4*o/256) is divided by 23?
20
Let v be 16 + 4 - (1 + -5). Let i = v - 16. What is the remainder when 22 is divided by i?
6
Let q(d) = -d**3 + 4*d**2 + 2*d - 5. Let g be q(4). Suppose 0 = -g*r + 4*r - 1. What is the remainder when 44 is divided by r/(-4) + (-651)/(-28)?
21
Let j(x) = 3*x**2 - 4*x - 30. Calculate the remainder when 106 is divided by j(6).
52
What is the remainder when 74 is divided by 120/80*(-50)/(-3)?
24
Suppose -5*p - 15 = 0, 5*p + 2153 = 3*s - 1597. What is the remainder when s is divided by 43?
41
Suppose -23*h + 32*h - 18 = 0. Calculate the remainder when 15 is divided by h.
1
Let o be -2 - 5/((-10)/(-446)). Calculate the remainder when 124 is divided by o/(-10)*(-20)/(-25).
16
Let r = 63 - -62. Let y be 1*-3*1 + (10 - 14). Let m(z) = z**2 - 2*z - 47. What is the remainder when r is divided by m(y)?
13
Let d(g) = g**3 + 29*g**2 - 29*g + 62. Calculate the remainder when d(-30) is divided by 4/(-10) - 114/(-10).
10
Calculate the remainder when 123 is divided by 4 + -1 - -8 - 1.
3
Let j(m) = 19*m - 3. Suppose 0*a + 26 = a. Calculate the remainder when a is divided by j(1).
10
Let x = 66 + -36. Suppose -4*a = -f - 228, -8*a = -3*a - f - 286. Calculate the remainder when a is divided by x.
28
Let b = -47 - -53. Suppose -2*q + b*q + 4*v - 196 = 0, -3*v + 47 = q. What is the remainder when q is divided by 19?
12
Let w = -144 - -152. Let y(f) = -f**3 - f**2 + f + 6. Let l be y(0). Let q = 9 - l. What is the remainder when w is divided by q?
2
Suppose 5*x = 5*s - 100, x - 15 = -3*s + 29. Let p be ((-4)/s)/(2/(-8)). W